e 0 = -i - 3*x - 9, -i - 127*x - 12 = -123*x. Is v(i) prime?
False
Suppose 208*k - 19*k - 32*k = 127016611. Is k prime?
True
Let l = -14 - -13. Let b be l*5*(-8)/(-20) + 6. Is (-1)/(-2)*(8/b - -308) a composite number?
True
Suppose j + 15 = -4*b, 0*b + 4*b = -4*j. Suppose -18 = -j*q + 7. Suppose 0 = 2*s - 3*k - 971, -4*s + q*k = -s - 1456. Is s a composite number?
False
Suppose 0 = -42*u + 49*u - 221795. Let s = -15190 + u. Is s a prime number?
False
Let u = 98618 - -49235. Is u a prime number?
True
Suppose 10916166 + 4773838 = 44*w. Is w prime?
True
Let n = -484462 - -775385. Is n prime?
True
Let w be (-311990)/(-50) + (-36)/(-30). Let l = w - 1868. Is l composite?
False
Let f(z) be the first derivative of 19*z**4/6 + 31*z**3/6 - 13*z**2 + 8. Let x(v) be the second derivative of f(v). Is x(10) prime?
False
Let h = 6470396 + -4085015. Is h composite?
True
Let r be 4 - (2 + (6 - 0))*-41. Let t = r - 217. Is t prime?
False
Let c = -307359 + 875782. Is c a composite number?
True
Let y(r) = -383*r**3 - 13*r**2 + 12*r + 153. Is y(-10) composite?
True
Suppose 8*g - 6*g - 94 = 0. Suppose -4*m + 11 = g. Is (3076/6)/((-6)/m) prime?
True
Let g be 764/(-6) + 1/((-12)/8). Let i = 226 + g. Suppose 0 = 6*m - 4*m - i. Is m a composite number?
True
Let f = 139 + -137. Suppose -5*k + 3*h = 2*h - 2769, f*k = -2*h + 1098. Is k prime?
False
Let v(b) = 471*b**2 - 2*b. Let w = -119 + 120. Is v(w) prime?
False
Let t = 144 + -1086. Let j = t + 2107. Is j composite?
True
Suppose 6*c - r + 1333669 = 4*c, 5*c + 3334172 = 2*r. Is (-1)/(2/(-3))*c/(-63) composite?
False
Suppose 16*y = -9*y - 275. Is 1 - 3 - (-34590)/((-110)/y) composite?
False
Let q(a) = a**3 + 58*a**2 + 80*a + 16. Is q(-51) composite?
False
Is (-1 + -437175)*((-1290)/80)/43 a prime number?
False
Suppose 5*w - 43 + 28 = 0. Suppose w*m - 205 - 86 = 0. Suppose 114 = y - m. Is y composite?
False
Let r(d) = -10199*d + 185. Is r(-30) prime?
False
Let s = -151713 + 225790. Is s a composite number?
False
Suppose 5*p - p - 10 = o, -4*p + 4*o + 4 = 0. Let h(r) = -147*r - 9. Let c(q) = 141*q + 11. Let b(w) = -4*c(w) - 5*h(w). Is b(p) a composite number?
True
Let y(h) = -69*h**3 - h**2 + 5*h + 5. Let p be (5/(-10))/((-3)/(-12)). Is y(p) a composite number?
True
Suppose -4*s + 4*v + 4 = -12, 2*s = -v + 11. Suppose -y + s*g = -3, -4*y + y - 9 = 3*g. Is 1760 + (-5 - -4) + y prime?
False
Let g be 10944/8*2/(-3)*3. Let j = g + 6323. Is j a prime number?
False
Let j be 6695/35 - 6/21. Suppose -x + m + 420 = 4*x, 0 = 2*x - 5*m - j. Is 2*x/4*2 a prime number?
True
Let c = -75068 - -1548217. Is c a prime number?
True
Let m be (3 - 40/8)*-2. Suppose -3*c - 3*l = -8994, -8998 = c - m*c + l. Is c prime?
True
Is 5/(-40)*667664/2*-1 a prime number?
True
Let v(z) = z**2 + 16*z - 1. Let c be v(-15). Is (-3)/(12/c) - (-21327)/3 a composite number?
True
Let b be (-17886)/14 + (-9 - (-240)/28). Let c = 2659 - b. Is c a prime number?
False
Let d = 17 - 10. Suppose d*s = 12*s - 5015. Is s composite?
True
Let t(y) = y. Let f be t(-4). Let d be (-8455)/f + (-8)/(-32). Let h = d + -1483. Is h a composite number?
False
Let m be 177/15 + (-1)/(-5). Let d be -199*(m/5 - (-12)/20). Is (d/2)/(-1) - 5/(-10) a prime number?
False
Suppose 4*w = -13 + 25, -473953 = -k + 6*w. Is k a prime number?
True
Let j(n) be the second derivative of -5*n**3/6 - 9*n**2/2 + n. Let t be j(-3). Suppose -t*r = -2921 - 6817. Is r prime?
False
Suppose 0 = -80*z - 7*z + 9208755 + 890988. Is z composite?
False
Let a(y) = 3*y**3 - 4*y**3 + 19 + 188*y**2 + 12*y - 183*y**2. Is a(-8) a prime number?
False
Suppose 4*c - 2 = -2*r + 2, -3*r = 2*c - 10. Suppose 32359 = r*y + 7691. Is y composite?
True
Let t = 2491 + -2037. Is t a prime number?
False
Let g = -460538 - -990751. Is g a prime number?
False
Let x be (4 + (-3 - -2))*1. Suppose x*f - f = 3866. Suppose 737 = -4*u + f. Is u composite?
True
Let h(o) = -o**3 + 9*o**2 - 6*o - 11. Let p be h(8). Suppose -p*f = -33585 - 20650. Is f a composite number?
False
Let p be 64/(5 - 4985/995). Let y = p - -10679. Suppose -5*o - 1156 = -y. Is o a prime number?
True
Suppose -5*m + 5326 = w + 2196, 9340 = 3*w + 5*m. Suppose 5*h = 7145 + w. Suppose -4*s + 1098 + h = 0. Is s a prime number?
True
Let c(u) = -2883*u - 4. Let j(i) = -7*i - 120. Let x be j(-17). Is c(x) a prime number?
True
Suppose w - l = -4*l + 8, 0 = 4*w - 5*l - 100. Suppose -3*x = -2*x + 3*k - w, x - 25 = -4*k. Suppose x*c + 60 - 545 = 0. Is c a prime number?
True
Suppose 0 = 7*g - 71 + 36. Suppose 2270 = g*i - 3*i. Is i a composite number?
True
Suppose -5*o = 3*y - 6996299, 17*y - 21*y = 5*o - 6996297. Is o composite?
False
Suppose 11*i + 6393281 - 11404103 = 6680737. Is i a composite number?
False
Suppose 0 = -g + 2*g + 2, -4*r + 20818 = -5*g. Suppose 12*k - r - 25986 = 0. Is k composite?
True
Let s be -4 - 16/(5/(-5)). Let h(p) = -16*p**2 + 104*p**3 + 29 + 103*p**3 - 10*p - 205*p**3. Is h(s) composite?
False
Suppose 0 = -n - 1, 0 = -4*f - 4*n + 20. Suppose -41 = -2*w - 3*b, -4*w + 73 = f*b - 3*b. Is (-7)/((-28)/w) + 111 a prime number?
False
Let h(p) be the second derivative of 997*p**4/12 + p**2/2 + 3*p + 3. Is h(-1) a composite number?
True
Let f(z) = -z**3 + z**2 - 12*z - 11. Let s be f(-8). Suppose 4828 = 2*q + 3*c - s, -6 = 2*c. Is q composite?
False
Let z(r) = -588*r - 15. Let q = 12 - 7. Let v be z(q). Is v/2*4/(-6) composite?
True
Let z = 57 - 54. Let k be (114/8)/z - (-2)/8. Suppose k*x + 1128 = 4043. Is x a prime number?
False
Suppose 8*l + 25 = 3*l, 2*l + 10 = 4*y. Let s be 1 - y*4/16. Is (4/(8/6) - -406)/s prime?
True
Let c(k) = k**3 + 25*k**2 - 69*k + 544. Is c(59) prime?
True
Suppose 9*c - 2*o = 13*c - 53014, 13251 = c + o. Suppose -18*m = -26*m + c. Is m a prime number?
True
Let y = 6338 + -791. Suppose y = 4*q - a, 0*q - 5*q - 4*a = -6939. Is q a prime number?
False
Suppose -3*o - 10*h + 152886 = -6*h, 4*h + 12 = 0. Is o/14 - (-12)/21 composite?
True
Let m = 5540 - 2989. Let z = 3948 - m. Is z a composite number?
True
Let p = 219 - 215. Suppose -11217 = -2*l - p*y + 7977, 10 = 5*y. Is l composite?
True
Is (-10)/135 - (-5156558)/594 a composite number?
False
Suppose -2*j - 4*v = -56286, 2*v - 2 = -10. Is j a prime number?
True
Suppose -g + 233420 = 3*k, -72*g + 70*g = 2. Is k a composite number?
True
Suppose 4*u - 4 = 4. Suppose u*p = -4*s + 2575 + 739, 0 = 2*p - 4*s - 3314. Is p composite?
False
Let y be (-7053)/2*16/(-24). Suppose 3*k = 5*k - 3*j - 1550, 2*j - y = -3*k. Is k composite?
True
Let i(s) = -s**3 - 21*s**2 + s + 28. Let v be i(-21). Let a(k) = -2*k + 22. Let x be a(v). Suppose x*p - 905 = 111. Is p a prime number?
True
Let s = 6796 - 3469. Is s a composite number?
True
Let l(v) = -v**2 - 11*v + 29. Let p be l(-13). Let n be 3 - -6*1*p/9. Suppose -3*x - 11823 = -3*m, 4*x - 20397 + 692 = -n*m. Is m prime?
False
Let s(n) be the first derivative of -588*n**2 + 103*n + 146. Is s(-9) composite?
False
Let r be (-40 - -4)*-1 - -6. Let q = 829 - r. Is q prime?
True
Let a = 97 - 93. Suppose -a*k = -b - 4281, -1049 = -k + 9*b - 13*b. Is k a prime number?
True
Is 1948/(-10)*(-972 - -2) - 3 a prime number?
True
Let p(z) = -19*z + 13. Let w be 4/(11 + -3)*(1 - 1). Suppose -12 = -4*v, -5*d + w*v - 2*v - 14 = 0. Is p(d) prime?
True
Let x be (-1)/3 - (-77150)/(-30). Let o = 4601 + x. Is o prime?
True
Is 321614/(-20)*(8 + -18) composite?
False
Let f(r) = -r**2 + 5*r - 3. Let j be f(5). Let k be j/(-6)*-2*4. Is ((-30)/(-9))/(k/(-1002)) a composite number?
True
Let k(u) = 2196*u + 86. Let t be k(8). Is -7 - -11 - (1 - t - 0) composite?
False
Let n(z) = 5338*z - 1191. Is n(40) a composite number?
True
Let j(z) = 1773*z**2 + 17*z + 141. Is j(9) a composite number?
True
Let l(k) = 134*k**3 - 3*k**2 - 2*k + 8. Let r be l(2). Suppose -13*a - r + 2715 = 0. Is a a composite number?
False
Suppose -3*o + 6966 = 3*c - 231, 3*o - 7194 = -4*c. Is (-1 - 3)*(-1)/4*o prime?
False
Is 3045224/21 - (-1)/3 a composite number?
True
Let y be 2*6/4 + 2 + 1. Let s(v) = 8*v**3 + 11*v**2 + 3*v + 7. Is s(y) prime?
False
Suppose 240140 = 5*z - 422325. Is z prime?
False
Let q(x) = 544. Let y(z) = z - 543. Let t = 64 - 66. Let o(l) = t*q(l) - 3*y(l). Is o(0) composite?
False
Let i = 83110 - 22563. Is i prime?
False
Suppose 34741 = -7*h - 43246. Let q = -2544 - h. Is q a prime number?
T